{"id":90,"date":"2011-06-14T20:01:11","date_gmt":"2011-06-14T19:01:11","guid":{"rendered":"http:\/\/www.sangild.net\/?page_id=90"},"modified":"2011-09-21T18:15:55","modified_gmt":"2011-09-21T17:15:55","slug":"ferdinan","status":"publish","type":"page","link":"https:\/\/www.sangild.net\/?page_id=90","title":{"rendered":"Nature Ferdinan"},"content":{"rendered":"<p>CKR-dyrnummer: 92030-00003. <a href=\"http:\/\/www.glr-chr.dk\/pls\/glrchr\/webchr04dyr$v_webdyr.QueryViewByKey?P_vgdyr_dyr_id=1011437029&amp;Z_CHK=15614\" target=\"_blank\">Klik her for at se oplysningerne om Ferdinan i CHR.<\/a><\/p>\n<p>Nature Ferdinan er som sin\u00a0bror <a title=\"Fernando\" href=\"http:\/\/www.sangild.net\/?page_id=97\">Fernando<\/a>\u00a0noget s\u00e5 fint som en \u00e6gte Skotsk H\u00f8jlands tyrekalv.<\/p>\n<p>Han blev f\u00f8dt d. 17. juni 2010 p\u00e5 et dejligt naturareal ved navn <a href=\"http:\/\/www.fugleognatur.dk\/lokalitetintro.aspx?ID=27148\" target=\"_blank\">Most M\u00f8lle<\/a>\u00a0&#8211; og Poul-Erik har k\u00f8bt ham af <a href=\"http:\/\/www.naturehighlandcattle.dk\/\" target=\"_blank\">Nature Highland Cattle<\/a>&#8230;<\/p>\n<p><a href=\"http:\/\/www.naturehighlandcattle.dk\/?page_id=98\" target=\"_blank\">Du kan l\u00e6se mere om Skotsk H\u00f8jlandskv\u00e6g ved at klikke her!<\/a><\/p>\n<p>Bem\u00e6rk: Man bestemmer ikke helt selv navnet p\u00e5 Skotsk H\u00f8jlandskv\u00e6g. G\u00f8r man det rigtigt, s\u00e5 SKAL navnet starte med et fastlagt bogstav &#8211; og 2010 var et F-\u00e5r&#8230;<\/p>\n<p>Det er lidt sv\u00e6rt at se hvem der er hvem, men p\u00e5 billedet er: Ferdinan, <a title=\"Fernando\" href=\"http:\/\/www.sangild.net\/?page_id=97\">Fernando<\/a> og Mille (som alts\u00e5 ikke er Poul-Eriks).<\/p>\n<p><a href=\"http:\/\/www.sangild.net\/wp-content\/uploads\/2011\/06\/DSC00036.jpg\"><img loading=\"lazy\" decoding=\"async\" class=\"aligncenter size-large wp-image-94\" title=\"Ferdinan, Fernando og Mille\" src=\"http:\/\/www.sangild.net\/wp-content\/uploads\/2011\/06\/DSC00036-1024x768.jpg\" alt=\"\" width=\"640\" height=\"480\" srcset=\"https:\/\/www.sangild.net\/wp-content\/uploads\/2011\/06\/DSC00036-1024x768.jpg 1024w, https:\/\/www.sangild.net\/wp-content\/uploads\/2011\/06\/DSC00036-300x225.jpg 300w, https:\/\/www.sangild.net\/wp-content\/uploads\/2011\/06\/DSC00036.jpg 2048w\" sizes=\"auto, (max-width: 640px) 100vw, 640px\" \/><\/a><\/p>\n","protected":false},"excerpt":{"rendered":"<p>CKR-dyrnummer: 92030-00003. Klik her for at se oplysningerne om Ferdinan i CHR. Nature Ferdinan er som sin\u00a0bror Fernando\u00a0noget s\u00e5 fint som en \u00e6gte Skotsk H\u00f8jlands tyrekalv. Han blev f\u00f8dt d. 17. juni 2010 p\u00e5 et dejligt naturareal ved navn Most &hellip; <a href=\"https:\/\/www.sangild.net\/?page_id=90\">L\u00e6s resten <span class=\"meta-nav\">&rarr;<\/span><\/a><\/p>\n","protected":false},"author":1,"featured_media":368,"parent":78,"menu_order":20,"comment_status":"closed","ping_status":"closed","template":"","meta":{"footnotes":""},"class_list":["post-90","page","type-page","status-publish","has-post-thumbnail","hentry"],"_links":{"self":[{"href":"https:\/\/www.sangild.net\/index.php?rest_route=\/wp\/v2\/pages\/90","targetHints":{"allow":["GET"]}}],"collection":[{"href":"https:\/\/www.sangild.net\/index.php?rest_route=\/wp\/v2\/pages"}],"about":[{"href":"https:\/\/www.sangild.net\/index.php?rest_route=\/wp\/v2\/types\/page"}],"author":[{"embeddable":true,"href":"https:\/\/www.sangild.net\/index.php?rest_route=\/wp\/v2\/users\/1"}],"replies":[{"embeddable":true,"href":"https:\/\/www.sangild.net\/index.php?rest_route=%2Fwp%2Fv2%2Fcomments&post=90"}],"version-history":[{"count":19,"href":"https:\/\/www.sangild.net\/index.php?rest_route=\/wp\/v2\/pages\/90\/revisions"}],"predecessor-version":[{"id":476,"href":"https:\/\/www.sangild.net\/index.php?rest_route=\/wp\/v2\/pages\/90\/revisions\/476"}],"up":[{"embeddable":true,"href":"https:\/\/www.sangild.net\/index.php?rest_route=\/wp\/v2\/pages\/78"}],"wp:featuredmedia":[{"embeddable":true,"href":"https:\/\/www.sangild.net\/index.php?rest_route=\/wp\/v2\/media\/368"}],"wp:attachment":[{"href":"https:\/\/www.sangild.net\/index.php?rest_route=%2Fwp%2Fv2%2Fmedia&parent=90"}],"curies":[{"name":"wp","href":"https:\/\/api.w.org\/{rel}","templated":true}]}}