{"id":674,"date":"2013-04-09T10:15:01","date_gmt":"2013-04-09T09:15:01","guid":{"rendered":"http:\/\/www.sangild.net\/?page_id=674"},"modified":"2013-04-10T16:50:58","modified_gmt":"2013-04-10T15:50:58","slug":"sangild-net-igor","status":"publish","type":"page","link":"https:\/\/www.sangild.net\/?page_id=674","title":{"rendered":"Sangild.net Idor"},"content":{"rendered":"<p>CKR-dyrnummer: 36666-00077. <a href=\"http:\/\/www.glr-chr.dk\/pls\/glrchr\/webchr04dyr$v_webdyr.QueryViewByKey?P_vgdyr_dyr_id=1014389983&amp;Z_CHK=21776\" target=\"_blank\">Klik her for at se\u00a0oplysningerne om\u00a0Idor i CHR.<\/a><\/p>\n<p>Hej. Jeg hedder Idor og jeg blev f\u00f8dt d. 9. april 2013.<\/p>\n<p>Dem jeg bor hos havde ellers planlagt at jeg f\u00f8rst skulle komme til verden n\u00e5r det blev\u00a0varmt i\u00a0vejret, men jeg bor \u00e5benbart i Danmark og der er vejret ikke helt til at stole p\u00e5. S\u00e5 det var alts\u00e5 lidt koldt.<\/p>\n<p>Min far er for resten <a title=\"Gilje\" href=\"http:\/\/www.sangild.net\/?page_id=569\">Gilje<\/a> og min mor er <a title=\"Elhoms Roxanne\" href=\"http:\/\/www.sangild.net\/?page_id=442\">Roxanne<\/a>. Min ejer er Poul-Erik, men ham er jeg ikke super vild med endnu, for han har givet mig s\u00e5dan nogle gule \u00f8reringe i.<\/p>\n<p>Min mor var ikke s\u00e5 glad for at han gjorde det, men jeg smuttede lige selv\u00a0ind p\u00e5 min egen fold, s\u00e5 han kunne f\u00e5 det overst\u00e5et &#8211; man er vel en sej lille gut!<\/p>\n<p>Her er et billede af mig og min mor. Hun passer rigtigt godt p\u00e5 mig! \ud83d\ude42<\/p>\n<div id=\"attachment_675\" style=\"width: 650px\" class=\"wp-caption aligncenter\"><a href=\"http:\/\/www.sangild.net\/wp-content\/uploads\/2013\/04\/Idor-1.jpg\"><img loading=\"lazy\" decoding=\"async\" aria-describedby=\"caption-attachment-675\" class=\" wp-image-675 \" alt=\"Sangild.net Idor\" src=\"http:\/\/www.sangild.net\/wp-content\/uploads\/2013\/04\/Igor-1-870x1024.jpg\" width=\"640\" height=\"753\" \/><\/a><p id=\"caption-attachment-675\" class=\"wp-caption-text\">Sangild.net Idor<\/p><\/div>\n","protected":false},"excerpt":{"rendered":"<p>CKR-dyrnummer: 36666-00077. Klik her for at se\u00a0oplysningerne om\u00a0Idor i CHR. Hej. Jeg hedder Idor og jeg blev f\u00f8dt d. 9. april 2013. Dem jeg bor hos havde ellers planlagt at jeg f\u00f8rst skulle komme til verden n\u00e5r det blev\u00a0varmt i\u00a0vejret, &hellip; <a href=\"https:\/\/www.sangild.net\/?page_id=674\">L\u00e6s resten <span class=\"meta-nav\">&rarr;<\/span><\/a><\/p>\n","protected":false},"author":1,"featured_media":0,"parent":78,"menu_order":110,"comment_status":"closed","ping_status":"closed","template":"","meta":{"footnotes":""},"class_list":["post-674","page","type-page","status-publish","hentry"],"_links":{"self":[{"href":"https:\/\/www.sangild.net\/index.php?rest_route=\/wp\/v2\/pages\/674","targetHints":{"allow":["GET"]}}],"collection":[{"href":"https:\/\/www.sangild.net\/index.php?rest_route=\/wp\/v2\/pages"}],"about":[{"href":"https:\/\/www.sangild.net\/index.php?rest_route=\/wp\/v2\/types\/page"}],"author":[{"embeddable":true,"href":"https:\/\/www.sangild.net\/index.php?rest_route=\/wp\/v2\/users\/1"}],"replies":[{"embeddable":true,"href":"https:\/\/www.sangild.net\/index.php?rest_route=%2Fwp%2Fv2%2Fcomments&post=674"}],"version-history":[{"count":6,"href":"https:\/\/www.sangild.net\/index.php?rest_route=\/wp\/v2\/pages\/674\/revisions"}],"predecessor-version":[{"id":680,"href":"https:\/\/www.sangild.net\/index.php?rest_route=\/wp\/v2\/pages\/674\/revisions\/680"}],"up":[{"embeddable":true,"href":"https:\/\/www.sangild.net\/index.php?rest_route=\/wp\/v2\/pages\/78"}],"wp:attachment":[{"href":"https:\/\/www.sangild.net\/index.php?rest_route=%2Fwp%2Fv2%2Fmedia&parent=674"}],"curies":[{"name":"wp","href":"https:\/\/api.w.org\/{rel}","templated":true}]}}