{"id":594,"date":"2012-06-26T18:11:27","date_gmt":"2012-06-26T17:11:27","guid":{"rendered":"http:\/\/www.sangild.net\/?page_id=594"},"modified":"2012-06-26T18:27:17","modified_gmt":"2012-06-26T17:27:17","slug":"fangefold","status":"publish","type":"page","link":"https:\/\/www.sangild.net\/?page_id=594","title":{"rendered":"Fangefold"},"content":{"rendered":"<p><a href=\"http:\/\/www.sangild.net\/wp-content\/uploads\/2012\/06\/2012-06-23-16.06.01.jpg\"><img loading=\"lazy\" decoding=\"async\" class=\"alignright size-medium wp-image-598\" title=\"2012-06-23 16.06.01\" src=\"http:\/\/www.sangild.net\/wp-content\/uploads\/2012\/06\/2012-06-23-16.06.01-300x169.jpg\" alt=\"\" width=\"300\" height=\"169\" srcset=\"https:\/\/www.sangild.net\/wp-content\/uploads\/2012\/06\/2012-06-23-16.06.01-300x169.jpg 300w, https:\/\/www.sangild.net\/wp-content\/uploads\/2012\/06\/2012-06-23-16.06.01-1024x577.jpg 1024w\" sizes=\"auto, (max-width: 300px) 100vw, 300px\" \/><\/a>N\u00e5r man har kreaturer g\u00e5ende er det ind imellem\u00a0n\u00f8dvendigt at fange dem &#8211; fx hvis de bliver syge og skal have medicin, <a title=\"Boller i Karry\u2026\" href=\"http:\/\/www.sangild.net\/?p=478\">skal studes<\/a>, skal flyttes til en anden mark eller have en enkeltbillet til slagteriet :-).<\/p>\n<p>&#8230;eller hvis man blot vil have fat p\u00e5 dem for at strigle dem (jo, jo &#8211; Skotter kan skam godt strigles)&#8230;<\/p>\n<p>Vi har tidligere m\u00e5tte l\u00e5ne en mobil fangefold, men da det er lidt noget b\u00f8vl har vi nu lavet vores egen fastmonterede i tr\u00e6. Vores <a title=\"L\u00e6skur\" href=\"http:\/\/www.sangild.net\/?page_id=556\">l\u00e6skur<\/a> ses baggrunden&#8230;<a href=\"http:\/\/www.sangild.net\/wp-content\/uploads\/2012\/06\/2012-06-23-12.43.45.jpg\"><img loading=\"lazy\" decoding=\"async\" class=\"aligncenter  wp-image-596\" title=\"2012-06-23 12.43.45\" src=\"http:\/\/www.sangild.net\/wp-content\/uploads\/2012\/06\/2012-06-23-12.43.45-1024x577.jpg\" alt=\"\" width=\"640\" height=\"360\" srcset=\"https:\/\/www.sangild.net\/wp-content\/uploads\/2012\/06\/2012-06-23-12.43.45-1024x577.jpg 1024w, https:\/\/www.sangild.net\/wp-content\/uploads\/2012\/06\/2012-06-23-12.43.45-300x169.jpg 300w\" sizes=\"auto, (max-width: 640px) 100vw, 640px\" \/><\/a>Fangefolden er er lidt over 3,5 x 3,5 meter og ca. 1,7 meter h\u00f8j. Der er trykimpr\u00e6gneret tr\u00e6 for ca. 1.500 kr. og ellers er der brugt et par h\u00e5ndfulde skruer.<\/p>\n<p><a href=\"http:\/\/www.sangild.net\/wp-content\/uploads\/2012\/06\/2012-06-23-16.05.52.jpg\"><img loading=\"lazy\" decoding=\"async\" class=\"alignright  wp-image-597\" title=\"2012-06-23 16.05.52\" src=\"http:\/\/www.sangild.net\/wp-content\/uploads\/2012\/06\/2012-06-23-16.05.52-169x300.jpg\" alt=\"\" width=\"118\" height=\"210\" srcset=\"https:\/\/www.sangild.net\/wp-content\/uploads\/2012\/06\/2012-06-23-16.05.52-169x300.jpg 169w, https:\/\/www.sangild.net\/wp-content\/uploads\/2012\/06\/2012-06-23-16.05.52-577x1024.jpg 577w, https:\/\/www.sangild.net\/wp-content\/uploads\/2012\/06\/2012-06-23-16.05.52.jpg 1840w\" sizes=\"auto, (max-width: 118px) 100vw, 118px\" \/><\/a>Inden vi gik igang fandt vi\u00a0<a href=\"http:\/\/www.landbrugsinfo.dk\/Kvaeg\/Filer\/Fangefoldeweb.pdf\" target=\"_blank\">en\u00a0rigtig god folder<\/a> p\u00e5 nettet (Kilde: <a href=\"http:\/\/www.landbrugsinfo.dk\" target=\"_blank\">www.landbrugsinfo.dk<\/a>)\u00a0&#8211; og den fort\u00e6ller utroligt meget om hvad man skal v\u00e6re opm\u00e6rksom p\u00e5.<br \/>\nDen\u00a0har rigtig gode tegninger af forskellige st\u00f8rrelse fangefolde og selv om vi ikke har bygget en efter samme model som tegningerne (Poul-Eriks dyr har store horn, og vi er ikke sikre p\u00e5 at &#8220;sluserne&#8221; til enkelte dyr fungerer n\u00e5r der\u00a0er store horn i vejen), har vi brugt tegningerne som\u00a0rettesnor for h\u00f8jde og\u00a0st\u00f8rrelse.<\/p>\n<p>Nu h\u00e5ber vi s\u00e5 bare at dyrene\u00a0kan narres ind i fangefolden,\u00a0n\u00e5r de skal fanges \ud83d\ude42<\/p>\n","protected":false},"excerpt":{"rendered":"<p>N\u00e5r man har kreaturer g\u00e5ende er det ind imellem\u00a0n\u00f8dvendigt at fange dem &#8211; fx hvis de bliver syge og skal have medicin, skal studes, skal flyttes til en anden mark eller have en enkeltbillet til slagteriet :-). &#8230;eller hvis man &hellip; <a href=\"https:\/\/www.sangild.net\/?page_id=594\">L\u00e6s resten <span class=\"meta-nav\">&rarr;<\/span><\/a><\/p>\n","protected":false},"author":1,"featured_media":0,"parent":407,"menu_order":30,"comment_status":"closed","ping_status":"closed","template":"","meta":{"footnotes":""},"class_list":["post-594","page","type-page","status-publish","hentry"],"_links":{"self":[{"href":"https:\/\/www.sangild.net\/index.php?rest_route=\/wp\/v2\/pages\/594","targetHints":{"allow":["GET"]}}],"collection":[{"href":"https:\/\/www.sangild.net\/index.php?rest_route=\/wp\/v2\/pages"}],"about":[{"href":"https:\/\/www.sangild.net\/index.php?rest_route=\/wp\/v2\/types\/page"}],"author":[{"embeddable":true,"href":"https:\/\/www.sangild.net\/index.php?rest_route=\/wp\/v2\/users\/1"}],"replies":[{"embeddable":true,"href":"https:\/\/www.sangild.net\/index.php?rest_route=%2Fwp%2Fv2%2Fcomments&post=594"}],"version-history":[{"count":6,"href":"https:\/\/www.sangild.net\/index.php?rest_route=\/wp\/v2\/pages\/594\/revisions"}],"predecessor-version":[{"id":607,"href":"https:\/\/www.sangild.net\/index.php?rest_route=\/wp\/v2\/pages\/594\/revisions\/607"}],"up":[{"embeddable":true,"href":"https:\/\/www.sangild.net\/index.php?rest_route=\/wp\/v2\/pages\/407"}],"wp:attachment":[{"href":"https:\/\/www.sangild.net\/index.php?rest_route=%2Fwp%2Fv2%2Fmedia&parent=594"}],"curies":[{"name":"wp","href":"https:\/\/api.w.org\/{rel}","templated":true}]}}