{"id":556,"date":"2012-06-09T20:49:17","date_gmt":"2012-06-09T19:49:17","guid":{"rendered":"http:\/\/www.sangild.net\/?page_id=556"},"modified":"2012-06-26T18:26:46","modified_gmt":"2012-06-26T17:26:46","slug":"laeskur","status":"publish","type":"page","link":"https:\/\/www.sangild.net\/?page_id=556","title":{"rendered":"L\u00e6skur"},"content":{"rendered":"<p>En af de gode ting ved Skotsk H\u00f8jlandskv\u00e6g er at de kan g\u00e5 ude hele \u00e5ret &#8211; bare de har t\u00f8rt leje at ligge p\u00e5. Og m\u00e5ske mere vigtigt &#8211; adgang til skygge om sommeren (det kan jo blive frygteligt varmt med alle de h\u00e5r).<\/p>\n<p>Tidligere har vi haft vores stald st\u00e5ende \u00e5ben og har haft l\u00f8sdrift i den ene ende, s\u00e5 Skotterne selv kunne g\u00e5 ind og ud hvis de fik lyst. Det vil vi nok ogs\u00e5 forts\u00e6tte med &#8211; men n\u00e5r vinteren virkelig rusker i Danmark, s\u00e5 har vi et dilemma: Er det vigtigst at Skotterne kan komme ind i stalden &#8211; eller er det vigtigst at dyrene i stalden (<a title=\"Hamburger\" href=\"http:\/\/www.sangild.net\/?page_id=81\">Hamburger<\/a>, <a title=\"Cheeseburger\" href=\"http:\/\/www.sangild.net\/?page_id=84\">Cheeseburger<\/a> og <a title=\"Maren\" href=\"http:\/\/www.sangild.net\/?page_id=186\">Maren<\/a> er i stalden om vinteren)\u00a0ikke bliver udsat for kong vinter?<\/p>\n<p><a href=\"http:\/\/www.sangild.net\/wp-content\/uploads\/2012\/06\/1.jpg\"><img loading=\"lazy\" decoding=\"async\" class=\"alignright size-medium wp-image-557\" title=\"1\" src=\"http:\/\/www.sangild.net\/wp-content\/uploads\/2012\/06\/1-300x169.jpg\" alt=\"\" width=\"300\" height=\"169\" srcset=\"https:\/\/www.sangild.net\/wp-content\/uploads\/2012\/06\/1-300x169.jpg 300w, https:\/\/www.sangild.net\/wp-content\/uploads\/2012\/06\/1-1024x577.jpg 1024w, https:\/\/www.sangild.net\/wp-content\/uploads\/2012\/06\/1.jpg 2048w\" sizes=\"auto, (max-width: 300px) 100vw, 300px\" \/><\/a>Nu er problemet l\u00f8st\u00a0&#8211; for vi har skaffet ekstra tag over hovedet p\u00e5 Skotterne. XL-Byg havde et godt tilbud p\u00e5 en carport &#8211; og med lidt ekstra tr\u00e6 til bekl\u00e6dning har vi f\u00e5et et fantastisk l\u00e6skur. S\u00e5 nu er der b\u00e5de ekstra skygge om sommeren og ly\/t\u00f8rt leje om vinteren! L\u00e6skuret er strategisk placeres i l\u00e6 fra vores stald (s\u00e5 t\u00e6t p\u00e5 som loven tillader &#8211; <a href=\"http:\/\/www.sangild.net\/wp-content\/uploads\/2012\/06\/2.jpg\"><img loading=\"lazy\" decoding=\"async\" class=\"size-medium wp-image-558 alignright\" title=\"2\" src=\"http:\/\/www.sangild.net\/wp-content\/uploads\/2012\/06\/2-300x136.jpg\" alt=\"\" width=\"300\" height=\"136\" srcset=\"https:\/\/www.sangild.net\/wp-content\/uploads\/2012\/06\/2-300x136.jpg 300w, https:\/\/www.sangild.net\/wp-content\/uploads\/2012\/06\/2-1024x464.jpg 1024w, https:\/\/www.sangild.net\/wp-content\/uploads\/2012\/06\/2.jpg 1170w\" sizes=\"auto, (max-width: 300px) 100vw, 300px\" \/><\/a>for selvom man kun har anmelderpligt p\u00e5 carporte, s\u00e5\u00a0skal man\u00a0have byggetilladelse til l\u00e6skure &#8211; s\u00e5 l\u00e6rte vi ogs\u00e5 noget, selvom det var dyre l\u00e6repenge\u00a0\ud83d\ude42 ).<\/p>\n<p>Billederne nedenfor viser at skuret skam b\u00e5de er\u00a0bygget og taget i brug \ud83d\ude42<a href=\"http:\/\/www.sangild.net\/wp-content\/uploads\/2012\/06\/3.jpg\"><img loading=\"lazy\" decoding=\"async\" class=\"size-medium wp-image-559 alignright\" title=\"3\" src=\"http:\/\/www.sangild.net\/wp-content\/uploads\/2012\/06\/3-300x169.jpg\" alt=\"\" width=\"300\" height=\"169\" srcset=\"https:\/\/www.sangild.net\/wp-content\/uploads\/2012\/06\/3-300x169.jpg 300w, https:\/\/www.sangild.net\/wp-content\/uploads\/2012\/06\/3-1024x577.jpg 1024w, https:\/\/www.sangild.net\/wp-content\/uploads\/2012\/06\/3.jpg 1632w\" sizes=\"auto, (max-width: 300px) 100vw, 300px\" \/><\/a><br \/>\n(godt nok ikke lige af Skotterne &#8211; men selvom loven siger at man skal <span style=\"text-decoration: underline;\">kunne<\/span> g\u00e5 i l\u00e6, er det jo heller ikke det samme som at man gidder g\u00e5 i l\u00e6. I \u00f8vrigt har vi st\u00e6rk mistanke om at de slet ikke kender p\u00e5g\u00e6ldende lovgivning :-). Det er i \u00f8vrigt\u00a0<a title=\"Maren\" href=\"http:\/\/www.sangild.net\/?page_id=186\">Maren<\/a>, der &#8220;feder den af&#8221; i skuret p\u00e5 nedenst\u00e5ende billede).<\/p>\n<p><a href=\"http:\/\/www.sangild.net\/wp-content\/uploads\/2012\/06\/4.jpg\"><img loading=\"lazy\" decoding=\"async\" class=\"aligncenter size-large wp-image-560\" title=\"4\" src=\"http:\/\/www.sangild.net\/wp-content\/uploads\/2012\/06\/4-1024x577.jpg\" alt=\"\" width=\"640\" height=\"360\" srcset=\"https:\/\/www.sangild.net\/wp-content\/uploads\/2012\/06\/4-1024x577.jpg 1024w, https:\/\/www.sangild.net\/wp-content\/uploads\/2012\/06\/4-300x169.jpg 300w\" sizes=\"auto, (max-width: 640px) 100vw, 640px\" \/><\/a><\/p>\n","protected":false},"excerpt":{"rendered":"<p>En af de gode ting ved Skotsk H\u00f8jlandskv\u00e6g er at de kan g\u00e5 ude hele \u00e5ret &#8211; bare de har t\u00f8rt leje at ligge p\u00e5. Og m\u00e5ske mere vigtigt &#8211; adgang til skygge om sommeren (det kan jo blive frygteligt &hellip; <a href=\"https:\/\/www.sangild.net\/?page_id=556\">L\u00e6s resten <span class=\"meta-nav\">&rarr;<\/span><\/a><\/p>\n","protected":false},"author":1,"featured_media":560,"parent":407,"menu_order":10,"comment_status":"closed","ping_status":"closed","template":"","meta":{"footnotes":""},"class_list":["post-556","page","type-page","status-publish","has-post-thumbnail","hentry"],"_links":{"self":[{"href":"https:\/\/www.sangild.net\/index.php?rest_route=\/wp\/v2\/pages\/556","targetHints":{"allow":["GET"]}}],"collection":[{"href":"https:\/\/www.sangild.net\/index.php?rest_route=\/wp\/v2\/pages"}],"about":[{"href":"https:\/\/www.sangild.net\/index.php?rest_route=\/wp\/v2\/types\/page"}],"author":[{"embeddable":true,"href":"https:\/\/www.sangild.net\/index.php?rest_route=\/wp\/v2\/users\/1"}],"replies":[{"embeddable":true,"href":"https:\/\/www.sangild.net\/index.php?rest_route=%2Fwp%2Fv2%2Fcomments&post=556"}],"version-history":[{"count":5,"href":"https:\/\/www.sangild.net\/index.php?rest_route=\/wp\/v2\/pages\/556\/revisions"}],"predecessor-version":[{"id":606,"href":"https:\/\/www.sangild.net\/index.php?rest_route=\/wp\/v2\/pages\/556\/revisions\/606"}],"up":[{"embeddable":true,"href":"https:\/\/www.sangild.net\/index.php?rest_route=\/wp\/v2\/pages\/407"}],"wp:featuredmedia":[{"embeddable":true,"href":"https:\/\/www.sangild.net\/index.php?rest_route=\/wp\/v2\/media\/560"}],"wp:attachment":[{"href":"https:\/\/www.sangild.net\/index.php?rest_route=%2Fwp%2Fv2%2Fmedia&parent=556"}],"curies":[{"name":"wp","href":"https:\/\/api.w.org\/{rel}","templated":true}]}}