{"id":50,"date":"2011-06-14T19:07:49","date_gmt":"2011-06-14T18:07:49","guid":{"rendered":"http:\/\/www.sangild.net\/?page_id=50"},"modified":"2011-06-19T11:53:54","modified_gmt":"2011-06-19T10:53:54","slug":"don","status":"publish","type":"page","link":"https:\/\/www.sangild.net\/?page_id=50","title":{"rendered":"Don"},"content":{"rendered":"<p>Don var en pintofarvet Shetl\u00e6nder hvilket jo ikke er s\u00e5 specielt &#8211; men der er en lidt sjov historie bag &#8220;skovhesten Don&#8221;.<\/p>\n<p>En dag &#8211; da vi gik udenfor &#8211; kom en mand k\u00f8rende forbi og spurgte om vi manglende en hest. Det viste sig at han\u00a0han boede i skoven ude omkring <a href=\"http:\/\/www.ravnholthytten.dk\/\">Ravnholthytten<\/a>\u00a0og havde haft en hest i overskud\u00a0siden dagen f\u00f8r&#8230; Hesten havde g\u00e5et p\u00e5 hans gr\u00e6spl\u00e6ne\u00a0&#8211; og selvom det jo er meget hyggeligt, ville han egentligt gerne af med den.<\/p>\n<p>Gert fik derfor fat i et tr\u00e6ktov og k\u00f8rte med manden hjem (ca. 2 KM).<\/p>\n<p>Efter en lille smule besv\u00e6r lykkedes det at fange Don &#8211; og s\u00e5 var det ellers bare med at komme hjemad p\u00e5 g\u00e5ben&#8230; Don strittede lidt imod (man skal vel v\u00e6re lidt st\u00e6dig), men til sidst lykkedes det at f\u00e5 Don med hjem og f\u00e5 ham lukket p\u00e5 en fold, s\u00e5 der i det mindste var lidt styr p\u00e5 ham. Herefter blev politiet kontaktet &#8211; og de havde s\u00f8rme f\u00e5et en anmeldelse om en manglende hest &#8211; s\u00e5 ejeren (der bor\u00a0i <a href=\"http:\/\/da.wikipedia.org\/wiki\/Skr%C3%A6\">Skr\u00e6<\/a>) kunne kontaktes.<\/p>\n<p>Efter en lille snak over en kop kaffe, blev ejeren og os enige om at d<a href=\"http:\/\/www.sangild.net\/wp-content\/uploads\/2011\/06\/Don.jpg\"><img loading=\"lazy\" decoding=\"async\" class=\"size-full wp-image-119 alignright\" title=\"Don\" src=\"http:\/\/www.sangild.net\/wp-content\/uploads\/2011\/06\/Don.jpg\" alt=\"\" width=\"323\" height=\"268\" srcset=\"https:\/\/www.sangild.net\/wp-content\/uploads\/2011\/06\/Don.jpg 323w, https:\/\/www.sangild.net\/wp-content\/uploads\/2011\/06\/Don-300x248.jpg 300w\" sizes=\"auto, (max-width: 323px) 100vw, 323px\" \/><\/a>et jo s\u00e5dan set var lettere at vi k\u00f8bte Don i stedet for at de tog ham med hjem &#8211; s\u00e5 det blev enden af den historie&#8230;<\/p>\n<p>Vi havde Don i et par m\u00e5neder &#8211; hvorefter vi solgte ham med tab (noget vi er enormt dygtige til n\u00e5r vi handler heste \ud83d\ude42 ). Heldigvis en billig hest &#8211; s\u00e5 selv om vi fik ca. halvdelen af hvad vi havde givet, var det til at overleve&#8230;<\/p>\n","protected":false},"excerpt":{"rendered":"<p>Don var en pintofarvet Shetl\u00e6nder hvilket jo ikke er s\u00e5 specielt &#8211; men der er en lidt sjov historie bag &#8220;skovhesten Don&#8221;. En dag &#8211; da vi gik udenfor &#8211; kom en mand k\u00f8rende forbi og spurgte om vi manglende &hellip; <a href=\"https:\/\/www.sangild.net\/?page_id=50\">L\u00e6s resten <span class=\"meta-nav\">&rarr;<\/span><\/a><\/p>\n","protected":false},"author":1,"featured_media":0,"parent":24,"menu_order":80,"comment_status":"closed","ping_status":"closed","template":"","meta":{"footnotes":""},"class_list":["post-50","page","type-page","status-publish","hentry"],"_links":{"self":[{"href":"https:\/\/www.sangild.net\/index.php?rest_route=\/wp\/v2\/pages\/50","targetHints":{"allow":["GET"]}}],"collection":[{"href":"https:\/\/www.sangild.net\/index.php?rest_route=\/wp\/v2\/pages"}],"about":[{"href":"https:\/\/www.sangild.net\/index.php?rest_route=\/wp\/v2\/types\/page"}],"author":[{"embeddable":true,"href":"https:\/\/www.sangild.net\/index.php?rest_route=\/wp\/v2\/users\/1"}],"replies":[{"embeddable":true,"href":"https:\/\/www.sangild.net\/index.php?rest_route=%2Fwp%2Fv2%2Fcomments&post=50"}],"version-history":[{"count":6,"href":"https:\/\/www.sangild.net\/index.php?rest_route=\/wp\/v2\/pages\/50\/revisions"}],"predecessor-version":[{"id":183,"href":"https:\/\/www.sangild.net\/index.php?rest_route=\/wp\/v2\/pages\/50\/revisions\/183"}],"up":[{"embeddable":true,"href":"https:\/\/www.sangild.net\/index.php?rest_route=\/wp\/v2\/pages\/24"}],"wp:attachment":[{"href":"https:\/\/www.sangild.net\/index.php?rest_route=%2Fwp%2Fv2%2Fmedia&parent=50"}],"curies":[{"name":"wp","href":"https:\/\/api.w.org\/{rel}","templated":true}]}}