{"id":482,"date":"2011-11-19T19:18:25","date_gmt":"2011-11-19T18:18:25","guid":{"rendered":"http:\/\/www.sangild.net\/?page_id=482"},"modified":"2013-01-23T14:55:34","modified_gmt":"2013-01-23T13:55:34","slug":"frostsikre-drikketrug","status":"publish","type":"page","link":"https:\/\/www.sangild.net\/?page_id=482","title":{"rendered":"Frostsikre drikketrug"},"content":{"rendered":"<p><a href=\"http:\/\/www.sangild.net\/wp-content\/uploads\/2011\/11\/DSCI0181.jpg\"><img loading=\"lazy\" decoding=\"async\" class=\"alignright size-medium wp-image-484\" title=\"DSCI0181\" alt=\"\" src=\"http:\/\/www.sangild.net\/wp-content\/uploads\/2011\/11\/DSCI0181-300x225.jpg\" width=\"300\" height=\"225\" srcset=\"https:\/\/www.sangild.net\/wp-content\/uploads\/2011\/11\/DSCI0181-300x225.jpg 300w, https:\/\/www.sangild.net\/wp-content\/uploads\/2011\/11\/DSCI0181-1024x768.jpg 1024w\" sizes=\"auto, (max-width: 300px) 100vw, 300px\" \/><\/a><\/p>\n<p>N\u00e5r man har dyr, der g\u00e5r ude om vinteren (<a title=\"Kreaturer\" href=\"http:\/\/www.sangild.net\/?page_id=78\">l\u00e6s mere om\u00a0Poul-Eriks\u00a0Skotske\u00a0H\u00f8jlandskv\u00e6g ved at klikke her<\/a>), er den st\u00f8rste udfordring at de skal have drikkevand &#8211; og ikke &#8220;drikke-is&#8221;.<\/p>\n<p>&nbsp;<\/p>\n<p>Vand har det jo med at fryse n\u00e5r det bliver koldt nok, og frostsikre drikkekar eller -kopper er IKKE billige. De koster typisk et sted mellem 2.000 og 2.500 kr. pr. stk (se fx. <a href=\"http:\/\/www.borjes-tingsryd.se\/\" target=\"_blank\">http:\/\/www.borjes-tingsryd.se\/<\/a>, varenummer 5262 eller <a href=\"http:\/\/www.center-gros.dk\/\">http:\/\/www.center-gros.dk\/<\/a>, varenummer 122-720)\u00a0&#8211; og n\u00e5r budgettet ikke r\u00e6kker til det &#8211; s\u00e5 m\u00e5 man jo g\u00f8re det selv :-).<\/p>\n<p>&nbsp;<\/p>\n<p>Materialeliste til et stk. Sangild.net frostsikret drikkekar:<\/p>\n<ul>\n<li>Stor murerbalje, fx 90L<br \/>\n<a href=\"http:\/\/www.billigvvs.dk\/\" target=\"_blank\">http:\/\/www.billigvvs.dk\/<\/a>, varenummer: 881622350, kr. 61,- pr. stk.<\/li>\n<li>Mindre murerbalje, fx 60L<br \/>\n<a href=\"http:\/\/www.billigvvs.dk\/\" target=\"_blank\">http:\/\/www.billigvvs.dk\/<\/a>, varenummer: 881622300, kr. 52,- pr. stk.<\/li>\n<li>3-4 stk. tr\u00e6klodser (se forklaring af dimension senere)<br \/>\nDu har vel en rest af noget :-)?, kr. 0,-<\/li>\n<li>2-3 stk. PU pr\u00e6cisionsskum (forbruget afh\u00e6nger af baljernes st\u00f8rrelse)<br \/>\n<a href=\"http:\/\/www.harald-nyborg.dk\/\" target=\"_blank\">http:\/\/www.harald-nyborg.dk\/<\/a>, varenummer: 9604, kr. 38,95 pr. stk.<br \/>\nNB: Harald Nyborg og andre har billigere &#8220;byggeskum&#8221;, men det er lettere at bruge pr\u00e6cisionsskum end alm. skum da det skummer knap s\u00e5 hurtigt op<\/li>\n<li>Fugemasse til udend\u00f8rs brug. Det bliver p\u00e6nest med sort, men gr\u00e5 eller hvid er billigere og kan sagtens bruges (forbruget afh\u00e6nger af baljernes st\u00f8rrelse &#8211; men 1 stk. r\u00e6kker typisk til mere end et drikketrug)<br \/>\n<a href=\"http:\/\/www.harald-nyborg.dk\/\" target=\"_blank\">http:\/\/www.harald-nyborg.dk\/<\/a>, varenummer: 7388, kr. 9,95 pr. stk.<\/li>\n<li>1 stk. varmekabel, fx. 4-6 meter<br \/>\n<a href=\"http:\/\/www.billigcamping.dk\/\" target=\"_blank\">http:\/\/www.billigcamping.dk\/<\/a>, varenummer: 97071, kr. 699,- (4 meter), eller varenummer: 97075, kr. 799,- (6 meter)<\/li>\n<li>Noget\u00a0pakketape eller anden tape<br \/>\nDu har vel en rest af noget :-)?, kr. 0,-<\/li>\n<\/ul>\n<p>Samlet pris ca. \u00a01.000,- pr. balje<\/p>\n<p>&nbsp;<\/p>\n<p>Fremgangsm\u00e5de:<\/p>\n<p>1. Start med at checke at varmekablet virker. Det er dumt at samle baljerne hvis det ikke g\u00f8r \ud83d\ude42<\/p>\n<p>2. Sk\u00e6r\u00a0tre-fire tr\u00e6klodser, der kan ligge i bunden af den store murerbalje og skabe afstand op til bunden af den lille. N\u00e5r du stiller den lille murbalje ned i den store, skal tr\u00e6klodserne skabe afstand mellem baljerne s\u00e5 overkanten af dem har nogenlunde samme h\u00f8jde. Det giver plads til isolering i bunden af baljerne<\/p>\n<p>3. Reng\u00f8r baljerne. Den store skal v\u00e6re helt ren indvendig og den lille helt ren udvendig &#8211; s\u00e5 binder PU pr\u00e6cisionsskummet og fugemassen bedre<\/p>\n<p>4. Bor et ca. 10mm hul ca. halvvejs oppe p\u00e5 den store murerbalje s\u00e5 du kan tr\u00e6kke varmekablet igennem. Det er bedst ikke at bore det i bunden da det ellers bliver begravet i skidt og der lettere kan tr\u00e6nge vand ind i konstruktionen<\/p>\n<p>5. Tr\u00e6k varmekablet igennem s\u00e5 stikket sidder p\u00e5 ydersiden af murerbaljen<\/p>\n<p><a href=\"http:\/\/www.sangild.net\/wp-content\/uploads\/2011\/11\/DSCI0012.jpg\"><img loading=\"lazy\" decoding=\"async\" class=\"alignright size-medium wp-image-485\" title=\"DSCI0012\" alt=\"\" src=\"http:\/\/www.sangild.net\/wp-content\/uploads\/2011\/11\/DSCI0012-e1321723860406-300x298.jpg\" width=\"144\" height=\"143\" srcset=\"https:\/\/www.sangild.net\/wp-content\/uploads\/2011\/11\/DSCI0012-e1321723860406-300x298.jpg 300w, https:\/\/www.sangild.net\/wp-content\/uploads\/2011\/11\/DSCI0012-e1321723860406-150x150.jpg 150w, https:\/\/www.sangild.net\/wp-content\/uploads\/2011\/11\/DSCI0012-e1321723860406-1024x1018.jpg 1024w, https:\/\/www.sangild.net\/wp-content\/uploads\/2011\/11\/DSCI0012-e1321723860406.jpg 1536w\" sizes=\"auto, (max-width: 144px) 100vw, 144px\" \/><\/a>6. Fastg\u00f8r varmekablet til buden af den lille murerbalje med tapen. Det sikrer at varmekablet sidder op mod bunden af baljen &#8211; der hvor det g\u00f8r st\u00f8rst nytte. Husk at varmt vand automatisk stiger opad &#8211; s\u00e5 du beh\u00f8ver ikke varme langs murerbaljens sider<\/p>\n<p>7. Fyld PU pr\u00e6cisionsskum i bunden af den store murerbalje &#8211; pas p\u00e5 det ikke kommer p\u00e5 ledningen til varmekablet<a href=\"http:\/\/www.sangild.net\/wp-content\/uploads\/2011\/11\/DSCI0011-e1321724043127.jpg\"><img loading=\"lazy\" decoding=\"async\" class=\"alignright size-medium wp-image-486\" title=\"DSCI0011\" alt=\"\" src=\"http:\/\/www.sangild.net\/wp-content\/uploads\/2011\/11\/DSCI0011-e1321724043127-297x300.jpg\" width=\"146\" height=\"145\" \/><\/a><\/p>\n<p>8. L\u00e6g de 3-4 tr\u00e6klodser ned i den store murerbalje et stykke fra kanten s\u00e5 den lille balje kan hviler godt p\u00e5 dem<\/p>\n<p>9. S\u00e6t den lille murerbalje ned i den store &#8211; juster s\u00e5 den st\u00e5r ca. midt i<\/p>\n<p><a href=\"http:\/\/www.sangild.net\/wp-content\/uploads\/2011\/11\/DSCI0013.jpg\"><img loading=\"lazy\" decoding=\"async\" class=\"alignright size-medium wp-image-487\" title=\"DSCI0013\" alt=\"\" src=\"http:\/\/www.sangild.net\/wp-content\/uploads\/2011\/11\/DSCI0013-e1321724366556-300x265.jpg\" width=\"146\" height=\"127\" \/><\/a>10. Fyld PU pr\u00e6cisionsskum ned mellem baljerne. S\u00f8rg for at starte med at fylde i bunden, s\u00e5 byggeskummet isolerer s\u00e5 effektivt s\u00e5 muligt hele vejen langs siderne. Fyld ikke baljerne helt op &#8211; de sidste 5-10cm vokser skummet selv op til &#8211; og s\u00e5 slipper du for at det ryger ud over kanterne s\u00e5 du skal fjerne det igen<\/p>\n<p>11. Vent p\u00e5 at PU pr\u00e6cisionsskummet h\u00e6rder helt op og fjern s\u00e5 overskydende skum med en kniv eller spartel<a href=\"http:\/\/www.sangild.net\/wp-content\/uploads\/2011\/11\/DSCI0185.jpg\"><img loading=\"lazy\" decoding=\"async\" class=\"alignright size-medium wp-image-488\" title=\"DSCI0185\" alt=\"\" src=\"http:\/\/www.sangild.net\/wp-content\/uploads\/2011\/11\/DSCI0185-300x225.jpg\" width=\"144\" height=\"88\" \/><\/a><\/p>\n<p>12. Fug nu mellem de to baljer s\u00e5 samlingen bliver vandt\u00e6t. Fug ogs\u00e5 omkring ledningen til varmekablet s\u00e5 hullet ogs\u00e5 bliver vandt\u00e6t<\/p>\n<p>&nbsp;<\/p>\n<p>&#8230;og s\u00e5 er det bare at s\u00e6tte dem til og fylde vand p\u00e5. Til 230v stikket anbefales en god udend\u00f8rs forl\u00e6ngerledning, samt en god vandt\u00e6t samlig &#8211; brug fx. Harald Nyborgs El-kappe: <a href=\"http:\/\/www.harald-nyborg.dk\/\" target=\"_blank\">http:\/\/www.harald-nyborg.dk\/<\/a>, varenummer 3096, kr. 9,50.<\/p>\n<p>&nbsp;<\/p>\n<p>Advarsler:<\/p>\n<ul>\n<li>De brugte varmekabler er til 230v &#8211; og det er naturligvis ikke helt ufarligt. De er dog bl.a. lavet til at blive monteret inden i vandr\u00f8r, hvorfor det m\u00e5 formodes at de &#8211; selv hvis de bliver v\u00e5de &#8211; er sikre at bruge. Endvidere ligger kablet UNDER den lille murerbalje &#8211; og da s\u00e5dan en jo er lavet af plastic, burde den ogs\u00e5 sikre mod evt. st\u00f8d. Endelig b\u00f8r huset fejlstr\u00f8msrel\u00e6 eller sikringer naturligvis sl\u00e5 fra hvis der skulle ske noget uforudset.<br \/>\n<strong><span style=\"color: #ff0000;\">Brug af disse baljer er dog naturligvis HELT p\u00e5 EGET ANSVAR!<br \/>\n<\/span><\/strong><\/li>\n<li>Varmekabler bruger str\u00f8m &#8211; og str\u00f8m koster penge. De varmekabler vi har brugt har indbygget termostat og bruger ca. 10watt pr. meter. Dvs. et 4 meter kabel burde bruge maksimalt ca. 40watt * 24 timer * 30 dage = 20kw\/t pr. m\u00e5ned.<br \/>\nEn kilowatt-time koster typisk ca. 2 kr &#8211; s\u00e5 40 kr.\/m\u00e5ned b\u00f8r v\u00e6re den maksimale pris pr. drikketrug. Det reelle forbrug afh\u00e6nger naturligvis af temperaturen, ligesom det kan begr\u00e6nses af at du (eller et t\u00e6nd\/sluk ur) slukker og t\u00e6nder efter behov.<br \/>\n<strong><span style=\"color: #ff0000;\">HUSK\u00a0at holde \u00f8je med elm\u00e5leren<\/span><\/strong> s\u00e5 du kan se hvor meget du bruger\u00a0&#8211; brug evt. en lille str\u00f8mm\u00e5ler, der kan m\u00e5le hvor meget der g\u00e5r netop til dine frostsikre drikketrug. Dette g\u00e6lder dog ogs\u00e5 for de f\u00e6rdigk\u00f8bte &#8211; s\u00e5 dette er hverken dyrere eller billigere end dem.<\/li>\n<\/ul>\n<p>God forn\u00f8jelse \ud83d\ude42<\/p>\n<p><a href=\"http:\/\/www.sangild.net\/wp-content\/uploads\/2011\/11\/DSCI0182.jpg\"><img loading=\"lazy\" decoding=\"async\" class=\"aligncenter size-large wp-image-493\" title=\"DSCI0182\" alt=\"\" src=\"http:\/\/www.sangild.net\/wp-content\/uploads\/2011\/11\/DSCI0182-e1321726848288-1024x969.jpg\" width=\"640\" height=\"605\" srcset=\"https:\/\/www.sangild.net\/wp-content\/uploads\/2011\/11\/DSCI0182-e1321726848288-1024x969.jpg 1024w, https:\/\/www.sangild.net\/wp-content\/uploads\/2011\/11\/DSCI0182-e1321726848288-300x283.jpg 300w, https:\/\/www.sangild.net\/wp-content\/uploads\/2011\/11\/DSCI0182-e1321726848288.jpg 1996w\" sizes=\"auto, (max-width: 640px) 100vw, 640px\" \/><\/a><\/p>\n","protected":false},"excerpt":{"rendered":"<p>N\u00e5r man har dyr, der g\u00e5r ude om vinteren (l\u00e6s mere om\u00a0Poul-Eriks\u00a0Skotske\u00a0H\u00f8jlandskv\u00e6g ved at klikke her), er den st\u00f8rste udfordring at de skal have drikkevand &#8211; og ikke &#8220;drikke-is&#8221;. &nbsp; Vand har det jo med at fryse n\u00e5r det bliver &hellip; <a href=\"https:\/\/www.sangild.net\/?page_id=482\">L\u00e6s resten <span class=\"meta-nav\">&rarr;<\/span><\/a><\/p>\n","protected":false},"author":1,"featured_media":0,"parent":407,"menu_order":20,"comment_status":"open","ping_status":"closed","template":"","meta":{"footnotes":""},"class_list":["post-482","page","type-page","status-publish","hentry"],"_links":{"self":[{"href":"https:\/\/www.sangild.net\/index.php?rest_route=\/wp\/v2\/pages\/482","targetHints":{"allow":["GET"]}}],"collection":[{"href":"https:\/\/www.sangild.net\/index.php?rest_route=\/wp\/v2\/pages"}],"about":[{"href":"https:\/\/www.sangild.net\/index.php?rest_route=\/wp\/v2\/types\/page"}],"author":[{"embeddable":true,"href":"https:\/\/www.sangild.net\/index.php?rest_route=\/wp\/v2\/users\/1"}],"replies":[{"embeddable":true,"href":"https:\/\/www.sangild.net\/index.php?rest_route=%2Fwp%2Fv2%2Fcomments&post=482"}],"version-history":[{"count":14,"href":"https:\/\/www.sangild.net\/index.php?rest_route=\/wp\/v2\/pages\/482\/revisions"}],"predecessor-version":[{"id":500,"href":"https:\/\/www.sangild.net\/index.php?rest_route=\/wp\/v2\/pages\/482\/revisions\/500"}],"up":[{"embeddable":true,"href":"https:\/\/www.sangild.net\/index.php?rest_route=\/wp\/v2\/pages\/407"}],"wp:attachment":[{"href":"https:\/\/www.sangild.net\/index.php?rest_route=%2Fwp%2Fv2%2Fmedia&parent=482"}],"curies":[{"name":"wp","href":"https:\/\/api.w.org\/{rel}","templated":true}]}}