{"id":37,"date":"2011-06-14T18:54:21","date_gmt":"2011-06-14T17:54:21","guid":{"rendered":"http:\/\/www.sangild.net\/?page_id=37"},"modified":"2011-06-16T20:32:01","modified_gmt":"2011-06-16T19:32:01","slug":"silas","status":"publish","type":"page","link":"https:\/\/www.sangild.net\/?page_id=37","title":{"rendered":"Silas"},"content":{"rendered":"<p>Silas er en blandingsvallak (oldenborg og varmblods) p\u00e5 5 \u00e5r.<br \/>\nVi fik Silas som 1\u00bd \u00e5rig, s\u00e5 Jeanette havde en stor opgave i at g\u00f8re ham menneskevant(han havde g\u00e5et meget alene sammen med sine\u00a0to br\u00f8dre\u00a0p\u00e5 en fold).<\/p>\n<p>Silas kom her til Sangildvej i 2007 en rigtig stor flot sort oldenborg\/varmblod han var meget bange for alting, han havde ikke l\u00e6rt at mennesker ikke ville ham noget ondt. Jeanette l\u00e6rt ham til og begynde med at l\u00f8fte hov, det synes han godt nok var noget m\u00e6rkelige noget, fordi han kunne jo ikke finde ud af og hold balancen, n\u00e5r hun var s\u00e5 fr\u00e6k og l\u00f8fte det en ben midt i det hele. Lige s\u00e5 stille fik han tillid til Jeanette, hun kunne komme til og ligge hovedt\u00f8j og sadel p\u00e5 ham. Han kunne finde ud af at hun ville ham noget godt, den 1-6-2009 da han var 4 \u00bd\u00a0knap komme han til Bording ved Ikast for at blive redet til ved Vibeke, der var han cirka 1 \u00bd m\u00e5ndnede. Det gik utrolig godt med tilridningen og han var nem og have med og g\u00f8r, vi fik ham hjem og Jeanette fik redet ham en hele masse, men dsv blev hun smidt af fordi han bukket med hend i k\u00e5dhed, og hun br\u00e6kket h\u00e5ndledet. Hun ville ikke op p\u00e5 ham igen dsv hun var blevet meget bange for ham, s\u00e5 vi blev enige om og s\u00e6lge ham s\u00e5 han kunne komme ud til en der havde mere mod p\u00e5 s\u00e5dan en ung hest. Nu er han som sagt kommet til Kolding ved Karina&#8230;<\/p>\n<div id=\"attachment_172\" style=\"width: 310px\" class=\"wp-caption alignright\"><a href=\"http:\/\/www.sangild.net\/wp-content\/uploads\/2011\/06\/Silas.jpg\"><img loading=\"lazy\" decoding=\"async\" aria-describedby=\"caption-attachment-172\" class=\"size-medium wp-image-172\" title=\"Silas\" src=\"http:\/\/www.sangild.net\/wp-content\/uploads\/2011\/06\/Silas-300x225.jpg\" alt=\"\" width=\"300\" height=\"225\" srcset=\"https:\/\/www.sangild.net\/wp-content\/uploads\/2011\/06\/Silas-300x225.jpg 300w, https:\/\/www.sangild.net\/wp-content\/uploads\/2011\/06\/Silas.jpg 728w\" sizes=\"auto, (max-width: 300px) 100vw, 300px\" \/><\/a><p id=\"caption-attachment-172\" class=\"wp-caption-text\">Jeanette rider Silas han var bare dygtig \ud83d\ude42<\/p><\/div>\n<p>&nbsp;<\/p>\n<p>&nbsp;<\/p>\n<p>&nbsp;<\/p>\n<p>Vi fik Silas reddet til, men desv\u00e6rre mistede Jeanette interessen for ridning inden hun rigtig fik gl\u00e6de af ham.<\/p>\n","protected":false},"excerpt":{"rendered":"<p>Silas er en blandingsvallak (oldenborg og varmblods) p\u00e5 5 \u00e5r. Vi fik Silas som 1\u00bd \u00e5rig, s\u00e5 Jeanette havde en stor opgave i at g\u00f8re ham menneskevant(han havde g\u00e5et meget alene sammen med sine\u00a0to br\u00f8dre\u00a0p\u00e5 en fold). Silas kom her &hellip; <a href=\"https:\/\/www.sangild.net\/?page_id=37\">L\u00e6s resten <span class=\"meta-nav\">&rarr;<\/span><\/a><\/p>\n","protected":false},"author":1,"featured_media":0,"parent":24,"menu_order":40,"comment_status":"closed","ping_status":"closed","template":"","meta":{"footnotes":""},"class_list":["post-37","page","type-page","status-publish","hentry"],"_links":{"self":[{"href":"https:\/\/www.sangild.net\/index.php?rest_route=\/wp\/v2\/pages\/37","targetHints":{"allow":["GET"]}}],"collection":[{"href":"https:\/\/www.sangild.net\/index.php?rest_route=\/wp\/v2\/pages"}],"about":[{"href":"https:\/\/www.sangild.net\/index.php?rest_route=\/wp\/v2\/types\/page"}],"author":[{"embeddable":true,"href":"https:\/\/www.sangild.net\/index.php?rest_route=\/wp\/v2\/users\/1"}],"replies":[{"embeddable":true,"href":"https:\/\/www.sangild.net\/index.php?rest_route=%2Fwp%2Fv2%2Fcomments&post=37"}],"version-history":[{"count":5,"href":"https:\/\/www.sangild.net\/index.php?rest_route=\/wp\/v2\/pages\/37\/revisions"}],"predecessor-version":[{"id":41,"href":"https:\/\/www.sangild.net\/index.php?rest_route=\/wp\/v2\/pages\/37\/revisions\/41"}],"up":[{"embeddable":true,"href":"https:\/\/www.sangild.net\/index.php?rest_route=\/wp\/v2\/pages\/24"}],"wp:attachment":[{"href":"https:\/\/www.sangild.net\/index.php?rest_route=%2Fwp%2Fv2%2Fmedia&parent=37"}],"curies":[{"name":"wp","href":"https:\/\/api.w.org\/{rel}","templated":true}]}}